{"id":36,"date":"2012-03-17T05:51:34","date_gmt":"2012-03-17T05:51:34","guid":{"rendered":"http:\/\/www.armenia.cl\/wp\/?page_id=36"},"modified":"2018-08-04T17:06:16","modified_gmt":"2018-08-04T17:06:16","slug":"lugares-de-interes","status":"publish","type":"page","link":"https:\/\/www.armenia.cl\/?page_id=36","title":{"rendered":"Lugares de Inter\u00e9s"},"content":{"rendered":"<p>&nbsp;<\/p>\n<div>\n<h3><img decoding=\"async\" loading=\"lazy\" class=\"alignright\" title=\"Catedral de Edjmiadzin\" src=\"http:\/\/www.armenia.cl\/wp\/wp-content\/uploads\/2012\/03\/Catedral-de-Edjmiadzin-300x225.jpg\" alt=\"\" width=\"216\" height=\"162\" \/><strong>Catedral de Edjmiadzin<\/strong><\/h3>\n<p>Es el centro de la Iglesia Apost\u00f3lica Armenia y sede del Catolic\u00f3s de Todos los Armenios. Fue construida por San Gregorio el Iluminador como bas\u00edlica entre 301-303, cuando Armenia era el \u00fanico pa\u00eds en el mundo donde el cristianismo era religi\u00f3n del Estado. Seg\u00fan los escritos del siglo V, San Gregorio tuvo una visi\u00f3n de Cristo descendiendo del cielo y golpeando la tierra con un martillo de oro para demostrar d\u00f3nde deb\u00eda ser construida la catedral. Posee planta en forma de cruz y c\u00fapula central octogonal.<\/p>\n<\/div>\n<div><\/div>\n<h3><\/h3>\n<p><a href=\"http:\/\/www.armenia.cl\/wp-content\/uploads\/2012\/03\/Monasterio_de_Jor_Virap.jpg\" rel=\"wp-prettyPhoto[36]\"><img decoding=\"async\" loading=\"lazy\" class=\" wp-image-237 alignright\" style=\"border-style: initial; &lt;br \/&gt;&lt;br \/&gt;&lt;br \/&gt;&lt;br \/&gt;&lt;br \/&gt;&lt;br \/&gt; border-color: initial; float: right; border-width: 0px;\" title=\"Monasterio_de_Jor_Virap\" src=\"http:\/\/www.armenia.cl\/wp-content\/uploads\/2012\/03\/Monasterio_de_Jor_Virap.jpg\" alt=\"\" width=\"234\" height=\"157\" \/><\/a><\/p>\n<h3><strong>Monasterio de Jor Virap<\/strong><\/h3>\n<p>Originalmente en este sitio se encontraba el foso de Artashat, donde estuvo por trece a\u00f1os prisionero San Gregorio, fundador de la iglesia Armenia. El monasterio fue construido en este lugar en el siglo XVII y goza de una vista privilegiada al monte Ararat. El pozo de la prisi\u00f3n a\u00fan existe: es de 4,4 metros de di\u00e1metro y 6 de profundidad, y se puede descender a \u00e9l por una estrecha escalera.<\/p>\n<p>&nbsp;<\/p>\n<h3><\/h3>\n<p>&nbsp;<\/p>\n<h3><strong><a href=\"http:\/\/www.armenia.cl\/wp-content\/uploads\/2012\/03\/Monumento-al-Genocidio.jpg\" rel=\"wp-prettyPhoto[36]\"><img decoding=\"async\" loading=\"lazy\" class=\"alignright wp-image-50\" title=\"Monumento a las V\u00edctimas del Genocidio\" src=\"http:\/\/www.armenia.cl\/wp-content\/uploads\/2012\/03\/Monumento-al-Genocidio-300x259.jpg\" alt=\"\" width=\"210\" height=\"181\" srcset=\"https:\/\/www.armenia.cl\/wp-content\/uploads\/2012\/03\/Monumento-al-Genocidio-300x259.jpg 300w, https:\/\/www.armenia.cl\/wp-content\/uploads\/2012\/03\/Monumento-al-Genocidio.jpg 500w\" sizes=\"(max-width: 210px) 100vw, 210px\" \/><\/a>Monumento a las V\u00edctimas del Genocidio, cerca de Erev\u00e1n<\/strong><\/h3>\n<p style=\"text-align: justify;\">Levantado en 1967 por los arquitectos Arthur Tarjanian y Sashur Kalashian, y el escultor Hovannes Jachatrian, en recuerdo del Genocidio Armenio. A una profundidad de 1,5 metros, se encuentra una llama eterna, signo de duelo. Su estela de 44 metros, apunta al cielo y simboliza el renacer de los armenios.<\/p>\n<p>&nbsp;<\/p>\n<p>&nbsp;<\/p>\n<p>&nbsp;<\/p>\n<p><a href=\"http:\/\/www.armenia.cl\/wp\/wp-content\/uploads\/2012\/03\/Monasterio-de-Tatev.jpg\" rel=\"wp-prettyPhoto[36]\"><img decoding=\"async\" loading=\"lazy\" class=\" wp-image-51 alignright\" style=\"border-style: initial; border-color: initial;\" title=\"Monasterio Tavet, en Zanguezur\" src=\"http:\/\/www.armenia.cl\/wp\/wp-content\/uploads\/2012\/03\/Monasterio-de-Tatev-300x199.jpg\" alt=\"\" width=\"216\" height=\"143\" srcset=\"https:\/\/www.armenia.cl\/wp-content\/uploads\/2012\/03\/Monasterio-de-Tatev-300x199.jpg 300w, https:\/\/www.armenia.cl\/wp-content\/uploads\/2012\/03\/Monasterio-de-Tatev.jpg 500w\" sizes=\"(max-width: 216px) 100vw, 216px\" \/><\/a><\/p>\n<h3><strong>Monasterio Tavet, en Zanguezur<\/strong><\/h3>\n<p style=\"text-align: justify;\">El monasterio fortificado Tavet fue fundado en\u00a0el siglo IX sobre un antiguo templo erigido en un \u201cnido de \u00e1guila\u201d, posici\u00f3n estrat\u00e9gica que permit\u00eda controlar el entorno circundante, como centinela del pueblo y refugio de la poblaci\u00f3n. Representa la fusi\u00f3n entre la arquitectura religiosa y militar. La iglesia de San Pedro y San Pablo es su monumento principal, con el distintivo de bas\u00edlica con c\u00fapula.<\/p>\n<p>&nbsp;<\/p>\n<p>&nbsp;<\/p>\n<p><a style=\"text-align: justify;\" href=\"http:\/\/www.armenia.cl\/wp\/wp-content\/uploads\/2012\/03\/Monumento-a-la-batalla-Sardarapat.jpg\" rel=\"wp-prettyPhoto[36]\"><img decoding=\"async\" loading=\"lazy\" class=\" wp-image-52 alignright\" style=\"border-style: initial; border-color: initial;\" title=\"Monumento a la batalla Sardarapat\" src=\"http:\/\/www.armenia.cl\/wp\/wp-content\/uploads\/2012\/03\/Monumento-a-la-batalla-Sardarapat-300x225.jpg\" alt=\"\" width=\"216\" height=\"162\" srcset=\"https:\/\/www.armenia.cl\/wp-content\/uploads\/2012\/03\/Monumento-a-la-batalla-Sardarapat-300x225.jpg 300w, https:\/\/www.armenia.cl\/wp-content\/uploads\/2012\/03\/Monumento-a-la-batalla-Sardarapat.jpg 500w\" sizes=\"(max-width: 216px) 100vw, 216px\" \/><\/a><\/p>\n<h3><strong>Monumento a la batalla de Sardarapat<\/strong><\/h3>\n<p style=\"text-align: justify;\">Obra del arquitecto R. Israeli\u00e1n de 1968, este monumento conmemora el triunfo armenio sobre el ej\u00e9rcito otomano en un \u00e1rea<br \/>\nque permanec\u00eda libre del dominio de este imperio. La Batalla de Saradarapat se desarroll\u00f3 entre el 21 y 24 de mayo de 1918. D\u00edas despu\u00e9s, el 28 de mayo de 1918, el Consejo Nacional Armenio en Tiflis proclam\u00f3 la independencia de la Rep\u00fablica Democr\u00e1tica de Armenia. La existencia de la rep\u00fablica se prolong\u00f3 hasta la toma de Armenia por los bolcheviques en noviembre de 1920.<\/p>\n<p>&nbsp;<\/p>\n<p>&nbsp;<\/p>\n<p><img decoding=\"async\" loading=\"lazy\" class=\" wp-image-53 alignright\" style=\"border-style: initial; border-color: initial; text-align: justify;\" title=\"Templo Pagano de Garni\" src=\"http:\/\/www.armenia.cl\/wp\/wp-content\/uploads\/2012\/03\/Templo-Pagano-de-Garni-300x235.jpg\" alt=\"\" width=\"216\" height=\"169\" srcset=\"https:\/\/www.armenia.cl\/wp-content\/uploads\/2012\/03\/Templo-Pagano-de-Garni-300x235.jpg 300w, https:\/\/www.armenia.cl\/wp-content\/uploads\/2012\/03\/Templo-Pagano-de-Garni.jpg 500w\" sizes=\"(max-width: 216px) 100vw, 216px\" \/><\/p>\n<h3><strong>Templo Pagano de Garn\u00ed<\/strong><\/h3>\n<p style=\"text-align: justify;\">En un rocoso promontorio est\u00e1n las ruinas de la fortaleza de Garn\u00ed, que fue base militar. Desde el siglo III a.C. hasta el IV d.C. fue la residencia veraniega de los reyes armenios. En el siglo I d.C., el rey Trdat I construy\u00f3 en la fortaleza un magn\u00edfico\u00a0templo pagano consagrado al dios del sol Mitra.<\/p>\n<p>&nbsp;<\/p>\n<p>&nbsp;<\/p>\n<p>&nbsp;<\/p>\n<p><a style=\"text-align: justify;\" href=\"http:\/\/www.armenia.cl\/wp\/wp-content\/uploads\/2012\/03\/Estatua-de-Komitas_.jpg\" rel=\"wp-prettyPhoto[36]\"><img decoding=\"async\" loading=\"lazy\" class=\" wp-image-55 alignright\" style=\"border-style: initial; border-color: initial;\" title=\"Estatua de Komitas\" src=\"http:\/\/www.armenia.cl\/wp\/wp-content\/uploads\/2012\/03\/Estatua-de-Komitas_-300x240.jpg\" alt=\"\" width=\"216\" height=\"173\" srcset=\"https:\/\/www.armenia.cl\/wp-content\/uploads\/2012\/03\/Estatua-de-Komitas_-300x240.jpg 300w, https:\/\/www.armenia.cl\/wp-content\/uploads\/2012\/03\/Estatua-de-Komitas_.jpg 500w\" sizes=\"(max-width: 216px) 100vw, 216px\" \/><\/a><\/p>\n<h3><strong>Estatua de Komitas, en Erev\u00e1n<\/strong><\/h3>\n<p style=\"text-align: justify;\">Esta obra de Ara Harutiunian de 1986 est\u00e1 emplazada en el parque frente al Conservatorio Estatal de M\u00fasica en Erev\u00e1n, destacando por sus grandes dimensiones. Recuerda a Soghomon Soghomonian (1869-1935), m\u00fasico consagrado sacerdote, quien escribi\u00f3 m\u00e1s de tres mil canciones de m\u00fasica sacra y secular, y difundi\u00f3 la m\u00fasica popular Armenia, analizando sus cantos y bailes.<\/p>\n<p>&nbsp;<\/p>\n<p>&nbsp;<\/p>\n<h3><\/h3>\n<p><img decoding=\"async\" loading=\"lazy\" class=\" wp-image-56 alignright\" style=\"border-style: &lt;br \/&gt;&lt;br \/&gt;&lt;br \/&gt;&lt;br \/&gt;&lt;br \/&gt;&lt;br \/&gt; initial; border-color: initial;\" title=\"Estatua a Charles Aznavour\" src=\"http:\/\/www.armenia.cl\/wp\/wp-content\/uploads\/2012\/03\/Estatua-a-Charles-Aznavour-224x300.jpg\" alt=\"\" width=\"179\" height=\"240\" srcset=\"https:\/\/www.armenia.cl\/wp-content\/uploads\/2012\/03\/Estatua-a-Charles-Aznavour-224x300.jpg 224w, https:\/\/www.armenia.cl\/wp-content\/uploads\/2012\/03\/Estatua-a-Charles-Aznavour.jpg 500w\" sizes=\"(max-width: 179px) 100vw, 179px\" \/><\/p>\n<h3><strong>Estatua a Charles Aznavour, en Guiumr\u00ed<\/strong><\/h3>\n<p style=\"text-align: justify;\">Gyumr\u00ed es la segunda ciudad en importancia en Armenia, el centro de la regi\u00f3n de Shirak. En la plaza Charles Aznavour se levanta la estatua a este compositor, cantante y actor franc\u00e9s de origen armenio, como reconocimiento a su apoyo moral y financiero por la reconstrucci\u00f3n de Armenia. Despu\u00e9s del terremoto de 1988, el artista cre\u00f3 la Fundaci\u00f3n \u00abAznavour para Armenia\u00bb, con el fin de ayudar a la poblaci\u00f3n. Actualmente tiene la ciudadan\u00eda armenia y otra plaza en Erev\u00e1n lleva su nombre.<\/p>\n<p>&nbsp;<\/p>\n<p>&nbsp;<\/p>\n<p>&nbsp;<\/p>\n<p>&nbsp;<\/p>\n<p><a style=\"text-align: justify;\" href=\"http:\/\/www.armenia.cl\/wp\/wp-content\/uploads\/2012\/03\/Teatro-Opera.jpg\" rel=\"wp-prettyPhoto[36]\"><img decoding=\"async\" loading=\"lazy\" class=\" wp-image-57 alignright\" style=\"border-style: &lt;br \/&gt;&lt;br \/&gt;&lt;br \/&gt;&lt;br \/&gt;&lt;br \/&gt;&lt;br \/&gt; initial; border-color: initial;\" title=\"Teatro de la Opera, Erev\u00e1n\" src=\"http:\/\/www.armenia.cl\/wp\/wp-content\/uploads\/2012\/03\/Teatro-Opera-300x225.jpg\" alt=\"\" width=\"216\" height=\"162\" srcset=\"https:\/\/www.armenia.cl\/wp-content\/uploads\/2012\/03\/Teatro-Opera-300x225.jpg 300w, https:\/\/www.armenia.cl\/wp-content\/uploads\/2012\/03\/Teatro-Opera.jpg 500w\" sizes=\"(max-width: 216px) 100vw, 216px\" \/><\/a><\/p>\n<h3><strong>Teatro de la Opera, Erev\u00e1n<\/strong><\/h3>\n<p style=\"text-align: justify;\">El m\u00e1ximo representante del arte esc\u00e9nico armenio, el Teatro Nacional de \u00d3pera y Ballet de Armenia, es obra del arquitecto Alexander Tamanian. Abierta al p\u00fablico en 1933, su coste depende del Ministerio de Cultura.<\/p>\n<p>&nbsp;<\/p>\n<p>&nbsp;<\/p>\n<p>&nbsp;<\/p>\n<p>&nbsp;<\/p>\n<p><a style=\"text-align: justify;\" href=\"http:\/\/www.armenia.cl\/wp\/wp-content\/uploads\/2012\/03\/Jachkar.jpg\" rel=\"wp-prettyPhoto[36]\"><img decoding=\"async\" loading=\"lazy\" class=\" wp-image-58 alignright\" style=\"border-style: initial; border-color: initial;\" title=\"Jachkar\" src=\"http:\/\/www.armenia.cl\/wp\/wp-content\/uploads\/2012\/03\/Jachkar-300x225.jpg\" alt=\"\" width=\"216\" height=\"162\" srcset=\"https:\/\/www.armenia.cl\/wp-content\/uploads\/2012\/03\/Jachkar-300x225.jpg 300w, https:\/\/www.armenia.cl\/wp-content\/uploads\/2012\/03\/Jachkar.jpg 500w\" sizes=\"(max-width: 216px) 100vw, 216px\" \/><\/a><\/p>\n<h3><strong>Jachkar<\/strong><\/h3>\n<p style=\"text-align: justify;\">Los Jachkar (cruz de piedra en armenio) son monumentos funerarios\u00a0formados por cruces esculpidas sobre planchas de piedra, rodeadas de delicados bordados igualmente esculpidos. Su auge se registr\u00f3 en los siglos XI-XV. Desde el 2010 \u201cEl arte de las cruces piedra armenias. Simbolismo y t\u00e9cnica de esculpido de las Khachkars\u201d figura en Lista Representativa del Patrimonio Cultural Inmaterial de la Humanidad de la Unesco.<\/p>\n<p>&nbsp;<\/p>\n<p>&nbsp;<\/p>\n<p><a style=\"text-align: justify;\" href=\"http:\/\/www.armenia.cl\/wp\/wp-content\/uploads\/2012\/03\/Telef\u00e9rico.jpg\"><img decoding=\"async\" loading=\"lazy\" class=\" wp-image-59 alignright\" style=\"border-style: initial; border-color: initial;\" title=\"Telef\u00e9rico\" src=\"http:\/\/www.armenia.cl\/wp\/wp-content\/uploads\/2012\/03\/Telef\u00e9rico-208x300.jpg\" alt=\"\" width=\"187\" height=\"270\" srcset=\"https:\/\/www.armenia.cl\/wp-content\/uploads\/2012\/03\/Telef\u00e9rico-208x300.jpg 208w, https:\/\/www.armenia.cl\/wp-content\/uploads\/2012\/03\/Telef\u00e9rico.jpg 300w\" sizes=\"(max-width: 187px) 100vw, 187px\" \/><\/a><\/p>\n<h3><strong>Telef\u00e9rico<\/strong><\/h3>\n<p style=\"text-align: justify;\">En Armenia funciona uno de los telef\u00e9ricos m\u00e1s largos del mundo, que cubre una distancia de 5,7 kil\u00f3metros. Une la aldea de Alidzor con el Monasterio Tatev, situado a unos 280 kil\u00f3metros de la capital, Erev\u00e1n. El trayecto hasta el\u00a0monasterio recorre la garganta del r\u00edo Vorotan y se puede realizar en telef\u00e9rico en once minutos y veinticinco segundos, frente a los tres cuartos de hora que se necesitan por carretera.<\/p>\n<p>&nbsp;<\/p>\n","protected":false},"excerpt":{"rendered":"<p>&nbsp; Catedral de Edjmiadzin Es el centro de la Iglesia Apost\u00f3lica Armenia y sede del Catolic\u00f3s de Todos los Armenios. Fue construida por San Gregorio el Iluminador como bas\u00edlica entre 301-303, cuando Armenia era el \u00fanico pa\u00eds en el mundo donde el cristianismo era religi\u00f3n del Estado. [&hellip;]<\/p>\n","protected":false},"author":1,"featured_media":0,"parent":0,"menu_order":0,"comment_status":"open","ping_status":"closed","template":"","meta":[],"_links":{"self":[{"href":"https:\/\/www.armenia.cl\/index.php?rest_route=\/wp\/v2\/pages\/36"}],"collection":[{"href":"https:\/\/www.armenia.cl\/index.php?rest_route=\/wp\/v2\/pages"}],"about":[{"href":"https:\/\/www.armenia.cl\/index.php?rest_route=\/wp\/v2\/types\/page"}],"author":[{"embeddable":true,"href":"https:\/\/www.armenia.cl\/index.php?rest_route=\/wp\/v2\/users\/1"}],"replies":[{"embeddable":true,"href":"https:\/\/www.armenia.cl\/index.php?rest_route=%2Fwp%2Fv2%2Fcomments&post=36"}],"version-history":[{"count":33,"href":"https:\/\/www.armenia.cl\/index.php?rest_route=\/wp\/v2\/pages\/36\/revisions"}],"predecessor-version":[{"id":2204,"href":"https:\/\/www.armenia.cl\/index.php?rest_route=\/wp\/v2\/pages\/36\/revisions\/2204"}],"wp:attachment":[{"href":"https:\/\/www.armenia.cl\/index.php?rest_route=%2Fwp%2Fv2%2Fmedia&parent=36"}],"curies":[{"name":"wp","href":"https:\/\/api.w.org\/{rel}","templated":true}]}}