{"id":1053,"date":"2013-09-19T00:19:27","date_gmt":"2013-09-19T00:19:27","guid":{"rendered":"http:\/\/www.armenia.cl\/wp-content\/uploads\/2013\/09\/Foto-14.jpg"},"modified":"2013-09-19T00:19:27","modified_gmt":"2013-09-19T00:19:27","slug":"foto-14-2","status":"inherit","type":"attachment","link":"https:\/\/www.armenia.cl\/?attachment_id=1053","title":{"rendered":"Padre Mejitar Kouzoudjian, Vicario del Arzobispado de la Iglesia de Armenia en Buenos Aires; monse\u00f1or Ricardo Ezzati, Arzobispo de Santiago; Eduardo Rodr\u00edguez Guarachi, C\u00f3nsul Honorario de Armenia en Chile; Alberto Djeredijan, Presidente del Centro Armenio de Buenos Aires; y Padre Sipan."},"author":2,"comment_status":"closed","ping_status":"closed","template":"","meta":[],"description":{"rendered":"<p class=\"attachment\"><a rel='wp-prettyPhoto' href='https:\/\/www.armenia.cl\/wp-content\/uploads\/2013\/09\/Foto-14.jpg' rel=\"wp-prettyPhoto[1053]\"><img width=\"300\" height=\"200\" src=\"https:\/\/www.armenia.cl\/wp-content\/uploads\/2013\/09\/Foto-14-300x200.jpg\" class=\"attachment-medium size-medium\" alt=\"\" decoding=\"async\" loading=\"lazy\" srcset=\"https:\/\/www.armenia.cl\/wp-content\/uploads\/2013\/09\/Foto-14-300x200.jpg 300w, https:\/\/www.armenia.cl\/wp-content\/uploads\/2013\/09\/Foto-14.jpg 600w\" sizes=\"(max-width: 300px) 100vw, 300px\" \/><\/a><\/p>\n"},"caption":{"rendered":""},"alt_text":"","media_type":"image","mime_type":"image\/jpeg","media_details":{"width":"600","height":"400","hwstring_small":"height='85' width='128'","file":"2013\/09\/Foto-14.jpg","sizes":{"thumbnail":{"file":"Foto-14-150x150.jpg","width":"150","height":"150","source_url":"https:\/\/www.armenia.cl\/wp-content\/uploads\/2013\/09\/Foto-14-150x150.jpg"},"medium":{"file":"Foto-14-300x200.jpg","width":"300","height":"200","source_url":"https:\/\/www.armenia.cl\/wp-content\/uploads\/2013\/09\/Foto-14-300x200.jpg"},"full":{"file":"Foto-14.jpg","width":600,"height":400,"mime_type":"image\/jpeg","source_url":"https:\/\/www.armenia.cl\/wp-content\/uploads\/2013\/09\/Foto-14.jpg"}},"image_meta":{"aperture":"0","credit":"","camera":"","caption":"","created_timestamp":"0","copyright":"","focal_length":"0","iso":"0","shutter_speed":"0","title":""}},"post":1038,"source_url":"https:\/\/www.armenia.cl\/wp-content\/uploads\/2013\/09\/Foto-14.jpg","_links":{"self":[{"href":"https:\/\/www.armenia.cl\/index.php?rest_route=\/wp\/v2\/media\/1053"}],"collection":[{"href":"https:\/\/www.armenia.cl\/index.php?rest_route=\/wp\/v2\/media"}],"about":[{"href":"https:\/\/www.armenia.cl\/index.php?rest_route=\/wp\/v2\/types\/attachment"}],"author":[{"embeddable":true,"href":"https:\/\/www.armenia.cl\/index.php?rest_route=\/wp\/v2\/users\/2"}],"replies":[{"embeddable":true,"href":"https:\/\/www.armenia.cl\/index.php?rest_route=%2Fwp%2Fv2%2Fcomments&post=1053"}]}}

Padre Mejitar Kouzoudjian, Vicario del Arzobispado de la Iglesia de Armenia en Buenos Aires; monseñor Ricardo Ezzati, Arzobispo de Santiago; Eduardo Rodríguez Guarachi, Cónsul Honorario de Armenia en Chile; Alberto Djeredijan, Presidente del Centro Armenio de Buenos Aires; y Padre Sipan.
